*h - 429. Give o(47).
511
Let y(q) = -q**2 - 19*q + 219. Calculate y(9).
-33
Let o(h) = h**3 - 46*h**2 - 146*h - 35. Give o(49).
14
Let m(n) = 3*n**2 - 197*n + 2942. Determine m(23).
-2
Let m(h) = -112*h - 14. Calculate m(1).
-126
Let f(v) = -52*v**3 + 7*v**2 + 12*v + 6. Give f(-1).
53
Let f(a) = 5*a**2 - 142*a - 107. Give f(29).
-20
Let t(f) = f**3 + 80*f**2 + 151*f - 306. What is t(-78)?
84
Let i(m) = -m**3 + 11*m**2 - 39*m + 32. Give i(5).
-13
Let b(p) = p**3 - 162*p**2 - 12*p + 1934. Calculate b(162).
-10
Let m(x) = 4*x**2 + 186*x - 106. Give m(-47).
-12
Let t(w) = -w**3 - 11*w**2 + 9*w - 93. What is t(-13)?
128
Let i(p) = -19*p**3 - 3*p**2 - 79*p - 78. What is i(-1)?
17
Let r(j) = -64*j + 16. Calculate r(0).
16
Let i(g) = -18*g**2 + 137*g - 273. Calculate i(2).
-71
Let o(m) = m**3 - 6*m**2 - 83*m + 434. Give o(10).
4
Let u(w) = 58*w + 125. Determine u(0).
125
Let u(b) = b**3 + 28*b**2 - 22*b + 202. Determine u(-29).
-1
Let h(z) = -z**3 - 8*z**2 + 18*z - 7. Calculate h(-10).
13
Let b(i) = -10*i**2 + 22*i + 55. Determine b(8).
-409
Let u(x) = 4276*x - 21374. Determine u(5).
6
Let g(b) = -b**2 - 316*b - 1568. Give g(-5).
-13
Let p(g) = 3666*g - 25643. Determine p(7).
19
Let r(o) = o**2 + 45*o + 282. What is r(-7)?
16
Let w(r) = -r**2 + 38*r - 100. Determine w(24).
236
Let h(a) = a**3 - 40*a**2 + 406*a - 114. Calculate h(21).
33
Let u(j) = -j**3 + 66*j**2 - j + 74. What is u(66)?
8
Let a(j) = j**3 - 51*j**2 + 251*j + 117. Determine a(6).
3
Let q(b) = -b**3 + b**2 + 4*b - 5. Give q(2).
-1
Let q(b) = -92*b - 2622. What is q(-28)?
-46
Let l(f) = -25*f**2 - 251*f - 213. Determine l(-9).
21
Let c(b) = -35*b + 1099. Give c(31).
14
Let j(x) = -x**3 + 27*x**2 - 20*x - 101. What is j(26)?
55
Let h(o) = o**3 + 11*o**2 - 18*o - 6. Determine h(5).
304
Let y(r) = -2*r**2 - 16*r - 1. Determine y(-11).
-67
Let k(h) = -180*h**2 - 8461*h - 52. Give k(-47).
-5
Let k(a) = 2*a**3 + 10*a**2 - 65*a - 336. Give k(-5).
-11
Let t(c) = -4*c**3 - 7*c**2. Calculate t(-2).
4
Let u(v) = 10*v + 385. Determine u(-6).
325
Let t(s) = -2*s**3 + 78*s**2 - 13*s + 317. Give t(39).
-190
Let x(t) = -t**3 + 79*t**2 + 341*t - 796. Calculate x(83).
-49
Let n(g) = -g**3 + 161*g**2 + 496*g - 673. Calculate n(164).
-17
Let x(y) = -2*y**3 - 13*y**2 + y + 17. Calculate x(-7).
59
Let f(p) = 6*p**3 - 3*p**2 + 61*p - 115. Give f(2).
43
Let n(c) = -3*c**3 + 217*c**2 - 76*c + 266. What is n(72)?
-22
Let f(x) = x**3 - 27*x**2 + 35*x - 257. Give f(26).
-23
Let g(n) = 81*n + 929. What is g(-7)?
362
Let c(m) = 9074*m - 36297. What is c(4)?
-1
Let j(f) = 280*f**3 + 63*f + 61. Determine j(-1).
-282
Let n(h) = -4*h**3 - 453*h**2 - 116*h - 361. What is n(-113)?
-22
Let r(u) = -273*u - 5738. Calculate r(-21).
-5
Let j(f) = f**3 + 245*f**2 + 1199*f - 244. Determine j(-240).
-4
Let d(v) = v**3 - 73*v**2 + 465*v - 200. What is d(66)?
-2
Let f(i) = -79*i**2 - 5*i. Calculate f(1).
-84
Let g(b) = b**2 - 193*b + 1119. Give g(6).
-3
Let o(w) = -3*w**2 - 9*w - 6. Give o(9).
-330
Let d(j) = 3*j**2 + 21*j + 23. Calculate d(-1).
5
Let g(j) = j**2 - 154*j - 3613. Give g(-20).
-133
Let o(k) = k**2 - 50*k - 1783. Give o(-24).
-7
Let s(b) = 2*b**3 + 91*b**2 - 81*b - 1608. What is s(-46)?
2
Let z(m) = m**3 + 2*m**2 - 42*m - 117. What is z(-3)?
0
Let u(l) = -96*l - 10278. What is u(-107)?
-6
Let s(n) = 3244*n - 9758. Determine s(3).
-26
Let t(s) = -2*s**2 - 32*s + 25. What is t(-15)?
55
Let z(h) = -165*h - 4297. Calculate z(-26).
-7
Let c(z) = -z**2 + 7*z + 268. What is c(20)?
8
Let r(t) = -t**3 - 6*t**2 - 16*t - 76. Give r(-6).
20
Let d(a) = -432*a**2 - 428*a + 10. What is d(-1)?
6
Let u(y) = 5334*y - 42677. Calculate u(8).
-5
Let j(z) = -z**3 + 21*z**2 - 8*z - 27. What is j(21)?
-195
Let v(z) = -545*z + 3266. Determine v(6).
-4
Let i(f) = f**3 - 45*f**2 + 16*f - 702. Calculate i(45).
18
Let i(n) = -10*n**3 - 249*n**2 - 183*n - 5200. Determine i(-25).
0
Let t(c) = -c**3 + 2*c**2 + 10*c + 32. Calculate t(0).
32
Let o(n) = -n**3 - 22*n**2 + 241*n - 48. Give o(8).
-40
Let w(a) = -a**3 - 74*a**2 + 61*a + 88. What is w(-75)?
1138
Let d(b) = 2*b**2 + 874*b - 3519. Determine d(4).
9
Let o(p) = -p**3 - 8*p**2 + 16*p + 9. Determine o(-10).
49
Let i(z) = 77*z + 1650. Calculate i(-21).
33
Let k(z) = -74*z + 1459. Determine k(19).
53
Let k(a) = -106*a - 4239. Determine k(-40).
1
Let j(u) = 169*u + 677. Calculate j(-4).
1
Let n(f) = 1056*f - 11631. Determine n(11).
-15
Let n(u) = 22*u**3 + 2*u**2 - 2*u - 5. Determine n(-1).
-23
Let y(c) = -55*c - 2836. Determine y(-52).
24
Let k(v) = -v**3 - 19*v**2 - 59*v - 14. Determine k(-15).
-29
Let v(z) = 27*z**2 - 14*z - 6. What is v(2)?
74
Let z(l) = -34*l**2 + 1627*l + 262. What is z(48)?
22
Let i(g) = -4*g**2 + 311*g - 253. Determine i(77).
-22
Let y(c) = 3*c**2 - 29*c + 131. Give y(11).
175
Let g(y) = -20*y**2 + 223*y + 75. Calculate g(12).
-129
Let v(r) = 38*r + 3730. What is v(-98)?
6
Let i(u) = 1215*u + 7306. Determine i(-6).
16
Let a(q) = -4*q**2 - 17*q + 20. Calculate a(-5).
5
Let x(s) = -2*s**2 - 4359*s - 26101. What is x(-6)?
-19
Let y(m) = -68*m. Determine y(-3).
204
Let v(h) = -48*h + 1910. Calculate v(35).
230
Let w(y) = 21*y - 893. Give w(41).
-32
Let j(x) = 2*x - 97. What is j(-13)?
-123
Let v(t) = -t**2 - 19*t - 81. What is v(-13)?
-3
Let g(n) = -44*n**2 - 136*n + 162. Give g(-4).
2
Let v(q) = 174*q - 1997. What is v(12)?
91
Let a(l) = 117*l - 43. Give a(1).
74
Let r(p) = -83*p - 2258. Calculate r(-27).
-17
Let u(a) = -a**2 - 15*a + 218. What is u(9)?
2
Let t(h) = 10*h**2 + 244*h - 167. Give t(-25).
-17
Let v(d) = 28*d + 134. What is v(-5)?
-6
Let x(z) = z**2 + 26*z + 52. Determine x(-18).
-92
Let d(k) = 28*k**2 + 500*k - 60. Calculate d(-18).
12
Let t(w) = -w**2 + 4*w - 16. Give t(0).
-16
Let r(b) = 7*b**2 + 70*b + 161. Calculate r(-5).
-14
Let z(v) = 3*v + 322. Calculate z(-111).
-11
Let b(a) = 2*a**3 - 5*a**2 + 22*a + 6. Give b(0).
6
Let y(w) = -2*w**3 + 161*w**2 + 687*w + 1. Determine y(-4).
-43
Let u(z) = 7*z - 68. Calculate u(13).
23
Let l(p) = p**2 - 24*p - 1443. Give l(-29).
94
Let w(c) = -6*c**3 + 11*c**2 - 4*c - 29. Determine w(-5).
1016
Let u(w) = -w**3 - 226*w - 2. Give u(0).
-2
Let r(w) = w**3 + 18*w**2 - 217*w - 3974. Calculate r(-17).
4
Let k(w) = -w**2 + 232*w + 12149. What is k(-44)?
5
Let g(x) = x**2 - 30*x - 75. Determine g(29).
-104
Let o(h) = 64*h**2 - 322*h + 1. Give o(5).
-9
Let j(b) = -b**3 + 12*b**2 + 27*b - 156. What is j(13)?
26
Let d(t) = t**3 - 17*t**2 - 66*t + 73. Calculate d(20).
-47
Let y(u) = -34*u - 104. Calculate y(-2).
-36
Let y(g) = 2*g**3 + 88*g**2 - 182*g + 90. Determine y(-46).
-2
Let x(g) = 115*g - 1483. Determine x(10).
-333
Let j(c) = -c**3 - 12*c**2 - 8*c - 118. Determine j(-12).
-22
Let p(n) = -8*n - 383. Give p(-47).
-7
Let s(w) = w**2 - 987*w + 25925. Calculate s(27).
5
Let h(v) = -v**3 + 13*v**2 + 78*v - 941. Calculate h(14).
-45
Let d(w) = -6*w**3 + 39*w**2 + 47*w - 184. What is d(7)?
-2
Let p(q) = 50*q + 133. What is p(-4)?
-67
Let c(a) = -356*a + 27768. What is c(78)?
0
Let m(o) = -2*o**2 - 173*o - 1288. Determine m(-79).
-103
Let c(r) = -2*r**2 - 24*r - 5. Give c(-13).
-31
Let m(q) = -3728*q + 29825. Determine m(8).
1
Let z(j) = 10*j**2 + 77*j + 76. Give z(-1).
9
Let a(b) = -26*b + 194. Determine a(9).
-40
Let q(o) = 30*o**3 - 22*o**2 + 34*o - 13. What is q(1)?
29
Let s(h) = -2926*h - 29265. What is s(-10)?
-5
Let i(n) = -94*n - 8836. Determine i(-94).
0
Let g(i) = -7*i - 590. Give g(-62).
-156
Let k(q) = 3*q**3 - 30*q**2 - 13*q + 69. Give k(10).
-61
Let k(m) = m**2 - 87*m + 1057. Give k(73).
35
Let d(c) = -2*c**3 + 78*c**2 + 99*c - 3861. What is d(39)?
0
Let l(r) = -r**2 - 7*r + 391. Calculate l(15).
61
Let a(z) = 2*z**2 - 13. What is a(-4)?
19
Let u(s) = -4*s**2 + 3594*s - 3596. Give u(1).
-6
Let i(j) = -637*j - 3850. What is i(-6)?
-28
Let w(z) = 17*z**2 + 35*z + 14. Give w(-2).
12
Let g(j) = -32*j**2 + 4*j + 1. Determine g(2).
-119
Let a(z) = z**2 + 15*z - 467. Determine a(-30).
-17
Let a(k) = k**2 + 558*k + 24050. Determine a(-47).
33
Let u(l) = -2*l**3 + 281*l**2 - 410*l - 962. Determine u(139).
11
Let u(c) = -117*c - 811. Calculate u(-7).
8
Let s(n) = -3*n**3 - 38*n**2 + 11*n - 38. Determine s(-13).
-12
Let t(v) = 11*v**3 - 3*v**2 - 2*v - 2. Calculate t(-3).
-320
Let k(v) = v**2 + 15*v - 817. Give k(16).
-321
Let